he greatest common factor of 1081960 and 48554?
22
What is the greatest common divisor of 633989 and 15833?
223
Calculate the highest common divisor of 15667647 and 114.
57
What is the greatest common divisor of 6 and 191788950?
6
What is the greatest common factor of 2373 and 82813745?
791
What is the highest common factor of 296545 and 1298260?
2335
Calculate the greatest common factor of 1560 and 36304710.
390
Calculate the highest common factor of 933990 and 21870.
30
Calculate the greatest common factor of 288023643 and 6354.
3177
Calculate the highest common factor of 9548 and 5595562.
434
Calculate the greatest common factor of 1136163 and 6962.
59
Calculate the greatest common divisor of 34710576 and 36.
12
What is the highest common factor of 144660140 and 1360?
340
What is the greatest common factor of 2273310 and 2055?
15
What is the greatest common factor of 59777294 and 348?
58
Calculate the greatest common divisor of 106680 and 782955.
1905
What is the greatest common divisor of 368 and 27234392?
184
Calculate the highest common divisor of 1182 and 382442798.
394
Calculate the highest common factor of 99643521 and 69.
69
What is the highest common factor of 756 and 37698804?
108
Calculate the greatest common factor of 25825025 and 950.
25
What is the greatest common divisor of 14248993 and 14773?
869
What is the greatest common divisor of 8213061 and 977329?
1943
What is the greatest common divisor of 25119807 and 54309?
1263
What is the greatest common divisor of 212949 and 475849?
2629
What is the highest common divisor of 45965684 and 426?
142
Calculate the greatest common factor of 81030 and 14289585.
555
Calculate the highest common divisor of 2658 and 553648110.
2658
Calculate the greatest common factor of 8942 and 2031398.
34
Calculate the highest common divisor of 47894 and 627802.
14
What is the highest common divisor of 830 and 38107790?
830
What is the greatest common factor of 1487 and 14678177?
1487
Calculate the greatest common divisor of 59161434 and 1572.
786
What is the greatest common factor of 187288 and 5065912?
4568
What is the highest common divisor of 7722 and 413935236?
2574
Calculate the greatest common divisor of 1116 and 49721892.
372
Calculate the greatest common factor of 1058 and 47273901.
23
Calculate the highest common divisor of 179 and 22441051.
179
Calculate the greatest common divisor of 21935 and 262851.
41
Calculate the greatest common factor of 2065 and 2960797.
413
Calculate the highest common divisor of 65535 and 7365.
15
Calculate the highest common divisor of 1107 and 271827.
9
What is the greatest common divisor of 59033 and 71638099?
3107
Calculate the greatest common factor of 268035232 and 256.
32
Calculate the greatest common divisor of 1823700 and 267000.
300
What is the highest common divisor of 825 and 124963575?
825
Calculate the highest common factor of 5012 and 225064.
28
What is the greatest common divisor of 1480276 and 224?
28
What is the highest common divisor of 1281 and 5558808?
183
Calculate the highest common divisor of 7644 and 41255844.
588
Calculate the greatest common factor of 576 and 2116752.
48
Calculate the highest common divisor of 196481 and 42151.
61
What is the highest common divisor of 27118052 and 27612?
3068
What is the highest common factor of 2111799 and 11517?
1047
Calculate the highest common factor of 3850 and 2984828.
154
What is the highest common divisor of 545 and 91435195?
545
Calculate the highest common divisor of 12051455 and 370.
185
Calculate the highest common divisor of 1171940 and 69860.
140
Calculate the greatest common divisor of 304430 and 406.
14
Calculate the highest common factor of 975 and 669175.
325
Calculate the greatest common divisor of 14904437 and 46.
23
Calculate the greatest common factor of 157060 and 380.
20
Calculate the greatest common divisor of 1031956900 and 100.
100
Calculate the greatest common divisor of 10672761 and 74.
37
What is the greatest common factor of 1611938 and 31?
31
What is the greatest common factor of 112319150 and 50?
50
Calculate the greatest common divisor of 512 and 6903488.
64
What is the highest common divisor of 26112 and 18513?
51
Calculate the greatest common divisor of 187516 and 139189.
181
What is the highest common divisor of 16172431 and 31152?
649
What is the greatest common divisor of 3260 and 1430289140?
3260
What is the greatest common factor of 67988 and 1552868?
92
What is the highest common factor of 2756 and 22676156?
212
What is the greatest common divisor of 168213 and 56541?
141
What is the greatest common factor of 97863876 and 1944?
972
Calculate the greatest common divisor of 11450049 and 563609.
2143
What is the highest common factor of 26201016 and 144?
72
What is the highest common factor of 14815276 and 21?
7
Calculate the highest common factor of 429 and 323854817.
143
What is the highest common factor of 14184 and 4337514?
18
Calculate the greatest common divisor of 377479 and 35780.
1789
Calculate the highest common factor of 182665 and 9877.
119
What is the greatest common factor of 82476 and 6797484?
1044
What is the highest common divisor of 1200 and 111927720?
120
What is the greatest common factor of 89934161 and 2159?
127
What is the highest common factor of 155498 and 12973359?
2681
Calculate the greatest common divisor of 1645863 and 82.
41
What is the greatest common factor of 54413910 and 1710?
1710
Calculate the greatest common divisor of 172 and 5009915208.
172
What is the highest common factor of 44646607 and 51?
17
Calculate the greatest common factor of 1228152 and 807672.
1752
Calculate the greatest common factor of 650 and 2446054.
26
What is the highest common divisor of 69059 and 1114219?
53
Calculate the greatest common factor of 4557 and 1551543.
21
Calculate the greatest common divisor of 248 and 917196008.
248
What is the highest common factor of 53166208 and 27200?
1088
Calculate the highest common divisor of 14882 and 135310.
14
What is the greatest common factor of 10680946 and 985?
197
Calculate the highest common divisor of 119 and 331215437.
119
Calculate the highest common divisor of 8076 and 72881862.
4038
Calculate the highest common factor of 2613402 and 788.
394
Calculate the highest common divisor of 2192296 and 9500.
76
Calculate the highest common divisor of 1357536 and 5077488.
3792
Calculate the greatest common factor of 5833 and 544901.
19
What is the highest common factor of 6336 and 2437446?
66
What is the greatest common divisor of 20217860 and 20?
20
Calculate the greatest common factor of 6280 and 50.
10
What is the highest common divisor of 15491283 and 339?
339
What is the greatest common divisor of 1310634 and 52?
26
Calculate the highest common divisor of 10222 and 24391306.
538
What is the greatest common factor of 1024 and 455984?
16
Calculate the highest common factor of 1860994 and 595221.
1061
Calculate the greatest common divisor of 207790876 and 1084.
1084
What is the highest common divisor of 7316 and 1159586?
3658
Calculate the highest common divisor of 9846 and 660742086.
3282
What is the greatest common factor of 16044 and 30797604?
2292
What is the greatest common divisor of 1529 and 1889129?
11
Calculate the greatest common factor of 7071372 and 253.
11
What is the highest common divisor of 14787 and 29872602?
477
What is the highest common factor of 526616 and 2488?
8
Calculate the highest common divisor of 816522 and 35742.
42
What is the highest common divisor of 5373 and 99819?
27
Calculate the highest common factor of 342100 and 72100.
100
What is the greatest common factor of 2384810 and 75?
5
Calculate the greatest common divisor of 2066800 and 1400.
200
Calculate the greatest common factor of 664 and 327778952.
664
Calculate the highest common factor of 23374 and 7391826.
806
Calculate the highest common divisor of 420116 and 52324.
508
What is the greatest common factor of 14714736 and 5904?
1968
Calculate the greatest common divisor of 12039735 and 135.
15
Calculate the highest common divisor of 51818440 and 376.
376
Calculate the greatest common factor of 5214795 and 285.
15
Calculate the greatest common divisor of 76617 and 30852.
9
Calculate the greatest common factor of 11349421 an